ivisor of d and 12?
12
Let u(k) = k**3 - 3*k**2 - 2*k - 5. Let v be u(4). Suppose -8 = -l - 4*q, -2*l + l - v*q = -11. Calculate the greatest common divisor of 160 and l.
20
Let i be (3 - (-15 + 8))*(-11)/(-5). Let g = 413 + -259. What is the highest common divisor of i and g?
22
Let q = 5 + 2. Let c(x) = x**2 + 6*x + 7. Let y be c(-8). Let d = 30 - y. Calculate the greatest common factor of q and d.
7
Let n(c) = c**3 + c**2 + 2*c - 1. Let r be n(2). Let t(q) = 1045*q + 4185. Let y be t(-4). Calculate the highest common divisor of y and r.
5
Let t = 53 - 40. Calculate the greatest common divisor of 11 and t.
1
Suppose -3*f + 125 + 43 = 0. Let o be 2 - 2 - (-14 - 0). Calculate the highest common divisor of o and f.
14
Let t(h) = h**2 - 25*h + 86. Let q be t(-22). What is the highest common factor of 70 and q?
70
Suppose 50*f - 5*f = 77625. Calculate the highest common divisor of 138 and f.
69
Suppose i = -2*t + 699, -2*t - 693 = -4*t - 3*i. Calculate the greatest common divisor of 13 and t.
13
Suppose -809*b = -799*b - 880. Calculate the greatest common divisor of b and 40.
8
Let g(m) = -m**2 + 3*m + 1. Let d be g(6). Let o = 32 + d. Suppose -z + r + 4 + 1 = 0, 2*z + 3*r - 15 = 0. What is the greatest common factor of z and o?
3
Let s = 73 + -59. Suppose -97 = -5*z - 27. Let d = z + -7. Calculate the highest common divisor of s and d.
7
Let a(o) = o**3 + 6*o**2 - 13*o - 8. Suppose -n - 9 - 12 = 5*w, -4*n - 5*w = 39. Let b be a(n). What is the highest common factor of 28 and b?
14
Let x be 1 + 62 - (36 + -33). What is the greatest common factor of x and 60?
60
Suppose 2*s - 43 = 2*h + 35, 0 = 5*s + h - 165. What is the highest common factor of 51 and s?
17
Suppose 2*j + 2*j - 3*s = 618, s = -2. Let o be (44/6)/((-147)/j - -1). What is the highest common factor of o and 17?
17
Let i = -599 + 612. What is the greatest common factor of 923 and i?
13
Let o = -81 - -94. Suppose 0 = -9*q + o*q - 64. Calculate the greatest common factor of 144 and q.
16
Let s(o) = 0 + 9 + 5*o - o**2 - 3 + 4. Let j be s(7). Let m be 4 - j/(-6)*-15. What is the greatest common factor of m and 35?
7
Suppose -4*q - 145 - 99 = 0. Let f = 86 + q. What is the greatest common factor of f and 75?
25
Let c(y) = -32 + 15 - 5*y + 20 - y**2. Suppose -14 = 4*m + 6. Let q be c(m). Calculate the greatest common factor of 15 and q.
3
Suppose 11*u = 13*u + 3*r - 213, -r + 211 = 2*u. Calculate the greatest common factor of u and 140.
35
Let x = -119 + 144. What is the greatest common factor of 55 and x?
5
Let l(q) = q**3 - 11*q**2 + 11*q - 9. Let s be l(10). Suppose -5*k - 69 = -2*k. Let o = 32 + k. Calculate the highest common divisor of s and o.
1
Suppose 38*b - 4*l + 1550 = 43*b, 4*b - 1214 = 2*l. Calculate the greatest common divisor of b and 170.
34
Let k(d) = 17*d - 555. Let i be k(33). What is the greatest common factor of i and 1758?
6
Suppose -5*a + l = -174, 0 = -2*a - l - 4*l + 48. Let t = a - 29. Calculate the highest common factor of 10 and t.
5
Suppose -15*h + 806 = 221. What is the highest common factor of 52 and h?
13
Suppose 34*p = 46*p - 7920. What is the highest common divisor of 40 and p?
20
Let o = 13 - 5. Let j(l) = 21*l + 89. Let n be j(-5). Let u be (-8)/n*(177 - 1). What is the greatest common factor of u and o?
8
Suppose 990 = -5*d + 16*d. Calculate the highest common factor of 54 and d.
18
Let a = 3 - 1. Suppose -a*z + f = -67, z = f + 2*f + 26. Calculate the highest common divisor of z and 280.
35
Let w = -22 - -28. Let r(z) = z**3 - 7*z**2 + 10*z - 11. Let d be r(w). What is the greatest common divisor of 91 and d?
13
Let p be -11 + ((-4)/(-2) - -1). Let w = p + 12. Suppose -a = -w*r + 81, -59 + 18 = -2*r + a. What is the highest common divisor of r and 8?
4
Suppose 264*q = 270*q - 846. What is the greatest common divisor of 3 and q?
3
Suppose 0 = 2*l + 86 - 218. Suppose 2*y - l = 4*d - 12, 4*y = -5*d + 56. Let w be (-97)/(-1) + 2 - 4. What is the greatest common factor of y and w?
19
Let z be (7*-8)/(-2*1 + 1). Suppose w = -5*d + 86, 0*d - 5*w = -2*d + z. What is the greatest common divisor of d and 45?
9
Let r be -7 + 5 + 21 + 1. Let u(m) = m**2 - 4*m - 1. Suppose -2*z = -b - 21, -4*b - 61 = -4*z + 7. Let v be u(b). What is the highest common factor of v and r?
20
Let h = 53 + -38. Let j be 2 + (-95)/(-4) + h/(-20). Calculate the greatest common factor of 25 and j.
25
Suppose -650 + 12410 = 16*m. Calculate the greatest common divisor of 45 and m.
15
Let x be (-12)/(-9) + 946/6. Suppose 6*d + 15 = x. What is the highest common factor of 144 and d?
24
Let d = -486 - 52. Let j be (-1)/(-5) + (-4)/(40/d). What is the greatest common factor of 27 and j?
27
Suppose -3*a = -f + 4 + 12, 4*f + 4*a = 64. Suppose 0 = -4*x + 4*k + f, -k - k = -2. Suppose x*i + 2 = 67. What is the highest common factor of i and 13?
13
Let y be (-539)/(-5) + 14/70. Calculate the greatest common divisor of 72 and y.
36
Let o = -123 + 128. Suppose 0 = 5*z + 2*f - 92, -3*z - o*f = -0*f - 59. Let l be 313/7 - (-2)/7. Calculate the greatest common factor of l and z.
9
Suppose -151 = 54*s - 2095. Calculate the highest common divisor of 2 and s.
2
Let n be (-23)/(-2)*-3*-2. Suppose -2*p - p = -n. Let c be p - (-1 - -3 - 3). Calculate the greatest common divisor of c and 36.
12
Suppose 0 = -6*p + 72 + 180. What is the highest common factor of p and 21?
21
Let h = -285 + 65. Let a be (-1)/(2/h) + -1. Suppose -3*b + a = 19. Calculate the greatest common divisor of b and 20.
10
Let h be (72/32)/((-3)/(-16)) + 0. Suppose -2*t = 2*i - 36, 2*i = 2*t + i - 27. What is the highest common factor of t and h?
3
Suppose -5*n + 617 = -1133. Calculate the highest common divisor of n and 105.
35
Suppose 0 = 2*l + 3*l - 2*f - 3233, -4*f = 5*l - 3209. Suppose 5*h - 5 - l = 0. Let j = 109 - 57. Calculate the highest common factor of j and h.
26
Suppose -3*t + 3*p + 21 = 0, 0*t = -t - 4*p - 8. Calculate the highest common factor of 10 and t.
2
Let l(v) = 2*v - 26. Let d = 33 - 16. Let b be l(d). Suppose 2*j + 64 = 6*j. Calculate the highest common divisor of j and b.
8
Let r = 182 - 134. What is the greatest common divisor of 64 and r?
16
Let y be -6*(19/(-15) - 15/(-25)). Suppose -5*j + 13 = r, 4*r = y*j - 30 + 106. What is the highest common factor of 12 and r?
6
Suppose d - 5*d = -2*m - 234, -5*d - 3*m = -309. Let h = d + -40. Let l be (-202)/(-4) - (-5)/(-10). What is the highest common factor of l and h?
10
Let o = 494 - 450. What is the highest common divisor of 473 and o?
11
Suppose 158 = -7*a - 52. Let c be (1 - 1)/1 - -60. Let z = c + a. What is the highest common divisor of 75 and z?
15
Suppose -3*v = -7 - 14. Let j be (-5)/((-4)/((-112)/(-4))). Calculate the highest common factor of v and j.
7
Suppose 3*o + 51 = 3*k, -2*o + 1 = 3*k - 25. What is the highest common factor of k and 66?
6
Let d = 54 - 34. Suppose 0*o - 4*o + d = 0. Let c(t) = t**3 - 2*t**2 - 2*t + 3. Let s be c(o). What is the highest common factor of 17 and s?
17
Let l(m) = 15*m - 172. Let j be l(12). Calculate the highest common divisor of 72 and j.
8
Let c = -363 - -557. Suppose 4*d = 4*o - 388, 4*d + 98 + c = 3*o. Calculate the greatest common factor of 12 and o.
12
Let q = 63 - 95. Let d be q/(-5) + (12/(-5) - -2). Calculate the greatest common divisor of d and 66.
6
Let k(y) = -4 + 6*y**2 - 3*y - y**2 - y**3 - y**2 - 4*y. Let s be k(7). Let d be s/(-3) + 6/(-9). What is the greatest common divisor of d and 6?
6
Let a be (14/8)/(-7)*4. Let s(c) = -40*c - 1. Let z be s(a). What is the highest common divisor of z and 13?
13
Let w(c) = 19*c - 2. Let q be w(3). Let z = 749 - 738. Calculate the highest common divisor of z and q.
11
Let c be (61 - 7)/(-9)*(-18)/4. Suppose 10 = -5*w - 15, 3*w - 120 = -5*r. What is the greatest common divisor of c and r?
27
Let u be 68/6 - (-6)/(-18). Let z(b) = 11*b + 2*b**3 + 0*b - 8*b + 6*b**2 - 3*b**3 + 4. Let g be z(5). What is the greatest common divisor of u and g?
11
Let u(b) = b**2 + 4*b. Let y be u(-6). Let q = -165 - -478. Let x = q - 181. What is the greatest common divisor of y and x?
12
Suppose -5*f = -0*h - h - 128, 0 = 3*h - 6. Suppose 2*y = f + 20. Let r = 641 + -434. What is the greatest common factor of r and y?
23
Let b(i) = -i**2 + 9*i - 9. Let g be b(7). Suppose -g*r = -h - 158, 0*h